at is -383683 (base 9) in base 10?
-232383
What is -19b69 (base 15) in base 4?
-110121312
Convert -33114033 (base 5) to base 11.
-185572
Convert b98a (base 14) to base 13.
1179c
What is 703225 (base 11) in base 12?
466a57
What is -14d66d (base 16) in base 2?
-101001101011001101101
Convert -60317445 (base 8) to base 12.
-42bb345
Convert -5021422 (base 9) to base 13.
-726c14
a3a51b (base 14) to base 4
111010020031
Convert -11de8a0 (base 15) to base 11.
-7291998
-197b84 (base 12) to base 7
-3550504
213165630 (base 7) to base 3
212222020002020
Convert -102519 (base 13) to base 5.
-44022204
What is 2131332301 (base 4) in base 6?
21511441
What is 1a319b (base 14) in base 7?
10623654
What is aa8e63 (base 15) in base 16?
7c0ec3
What is 33306420 (base 7) in base 14?
54c2b7
What is -22213111 (base 4) in base 5?
-2342402
Convert 2059 (base 14) to base 4.
1112333
575680 (base 11) to base 12
381777
Convert 24505312 (base 6) to base 8.
3000214
-1141320434 (base 5) to base 12
-a94537
Convert -1110010000111010100 (base 2) to base 8.
-1620724
-6840362 (base 9) to base 5
-1421000311
178828 (base 10) to base 12
875a4
30040454 (base 6) to base 4
3032111302
111348 (base 9) to base 10
66626
What is 38d0e0 (base 16) in base 2?
1110001101000011100000
-221540034 (base 7) to base 8
-63044341
Convert 207356a (base 11) to base 4.
31323023223
Convert 399804 (base 11) to base 6.
21242453
What is 1200210212 (base 4) in base 8?
1404446
What is 24990 (base 14) in base 12?
43aaa
Convert 11124105 (base 6) to base 15.
6a195
What is -44a2 (base 13) in base 16?
-257c
What is 20302231 (base 5) in base 13?
5a6b9
What is 84506 (base 11) in base 10?
123063
-b138d (base 14) to base 12
-186669
-a7715a (base 15) to base 2
-11110011010010011011100
Convert -1111000111011110 (base 2) to base 14.
-187ca
What is -747b3 (base 12) in base 2?
-100101011001110111
What is 362521 (base 7) in base 10?
65773
What is 99538 (base 13) in base 11?
17a718
What is 1110110000011110100 (base 2) in base 14?
c832c
What is 24310421 (base 5) in base 2?
110111110111111101
Convert 121452015 (base 6) to base 10.
2324171
Convert 50258 (base 12) to base 8.
313144
Convert -10b955 (base 13) to base 14.
-a49ab
745432 (base 8) to base 2
111100101100011010
Convert 172d4 (base 14) to base 5.
3330302
What is -8183239 (base 10) in base 8?
-37156707
What is 11221233233 (base 4) in base 6?
51431435
Convert 11002021100220 (base 3) to base 8.
10217204
Convert 2976bb (base 15) to base 5.
1002441101
What is -7b368 (base 13) in base 11?
-1438a1
What is 2100122011 (base 3) in base 4?
23110312
What is -5070027 (base 8) in base 10?
-1339415
431031134 (base 5) to base 6
102520400
-667091 (base 11) to base 9
-2000843
Convert 15db55d (base 15) to base 11.
8a69947
Convert 198232 (base 13) to base 10.
646297
Convert -1101110101110110 (base 2) to base 10.
-56694
Convert 113345513 (base 7) to base 4.
122231302112
What is -2001452050 (base 6) in base 8?
-115153336
-10020220022 (base 3) to base 16
-fa4f
Convert 9e9c1 (base 15) to base 13.
148b85
-610a27 (base 11) to base 2
-11101111110010101010
Convert -39989 (base 11) to base 7.
-325303
Convert -2210220333 (base 4) to base 6.
-22242023
21718207 (base 9) to base 12
3635a44
Convert 122023311 (base 4) to base 2.
11010001011110101
Convert 100100100100110001 (base 2) to base 16.
24931
Convert -11310133102 (base 5) to base 3.
-220102011012011
What is 1014243 (base 5) in base 13?
7871
Convert 642551 (base 11) to base 9.
1836366
What is -b19942 (base 14) in base 7?
-101560212
Convert -60661201 (base 7) to base 8.
-23224664
168486 (base 12) to base 16
5eaa6
What is -1170161 (base 8) in base 3?
-121110000210
What is -1110100000111111011 (base 2) in base 5?
-110210033
Convert -a6531 (base 11) to base 13.
-5574a
-14221412 (base 5) to base 14
-3c0cd
What is -28034 (base 14) in base 16?
-1820e
20232103202 (base 4) to base 3
11022011220222
11010010010101110000 (base 2) to base 6
30244400
-4a59866 (base 11) to base 3
-121112012222111
What is 368b0 (base 15) in base 3?
22211210210
Convert 514121 (base 7) to base 14.
24048
Convert -7660354 (base 8) to base 12.
-832090
What is -c1954 (base 14) in base 16?
-71aa6
Convert -16456434 (base 7) to base 10.
-1610949
Convert -2582563 (base 9) to base 5.
-330200120
What is -b507bf (base 16) in base 10?
-11863999
Convert 219337 (base 13) to base 2.
11000001001110110001
What is -11544425 (base 6) in base 5?
-43343211
-3bab9a (base 14) to base 13
-574372
-101410331 (base 5) to base 6
-12553550
Convert -261b4c (base 16) to base 3.
-11200212201200
Convert 100b6 (base 16) to base 14.
19d42
Convert 1111425 (base 8) to base 3.
120020020121
4733354 (base 8) to base 15
1a7c42
What is -1b911 (base 12) in base 11?
-28931
What is 111000 (base 4) in base 16?
540
What is -21e4d6 (base 16) in base 11?
-1287967
-1111011000111101 (base 2) to base 3
-10012110201
10213032313 (base 4) to base 8
4471667
What is 361744 (base 11) in base 7?
4605132
-2001120010101 (base 3) to base 14
-206779
-57805 (base 10) to base 5
-3322210
118af2 (base 16) to base 5
243242212
What is 41412120 (base 6) in base 7?
13123305
Convert 4653344 (base 11) to base 6.
450131343
What is -28a873 (base 14) in base 4?
-11120233311
Convert -18850 (base 10) to base 4.
-10212202
What is -3114132122 (base 5) in base 11?
-3679386
283374 (base 9) to base 8
522033
Convert 6a572e (base 15) to base 14.
963962
Convert -702358 (base 10) to base 16.
-ab796
What is 250554 (base 15) in base 11?
1001160
Convert 111215411 (base 6) to base 12.
817567
Convert -3662300 (base 7) to base 6.
-14015232
1011100110010010100100 (base 2) to base 3
12201110200011
What is -11110010110010000 (base 2) in base 7?
-1025255
63507 (base 12) to base 14
356d1
Convert 13211111003 (base 4) to base 5.
1002103112
Convert 3178c9 (base 14) to base 15.
2309cb
Convert -43114 (base 8) to base 4.
-10121030
Convert 201031123 (base 4) to base 6.
2525431
Convert -255172 (base 9) to base 7.
-1213001
What is -1042044103 (base 5) in base 16?
-2317ff
606112 (base 7) to base 15
2078d
-62517 (base 15) to base 2
-1001100000101011111
What is -32613 (base 7) in base 15?
-2663
24240401 (base 6) to base 3
1102222122101
-16345002 (base 7) to base 8
-6043613
-75ab14 (base 13) to base 16
-2a3386
What is 11012001122202 (base 3) in base 2?
1000011111010011101011
Convert 4423023 (base 5) to base 11.
52641
What is -961696 (base 10) in base 12?
-3a4654
4b68 (base 13) to base 11
8078
What is -4443201244 (base 5) in base 8?
-45121030
-151221451 (base 6) to base 5
-1301110422
-121220221122 (base 3) to base 4
-1101110330
What is -cb191 (base 14) in base 7?
-4114641
Convert 24450450 (base 6) to base 9.
1424713
What is -44443425 (base 6) in base 11?
-838402
100013420 (base 5) to base 14
a2a91
What is -98359 (base 10) in base 6?
-2035211
Convert -1d7225 (base 14) to base 11.
-662047
What is -110001110101011100 (base 2) in base 10?
-204124
What is 22302212030 (base 4) in base 16?
2b298c
-101110110101110000100 (base 2) to base 8
-5665604
Convert -2ac724 (base 13) to base 12.
-42ab91
What is 3404234034 (base 5) in base 3?
112002200111020
Convert 874ab3 (base 14) to base 3.
22121220212220
564618 (base 10) to base 16
89d8a
What is -2060c (base 14) in base 16?
-130c4
-60456 (base 9) to base 11
-27949
What is -11220232121 (base 4) in base 9?
-2701708
What is -8181075 (base 9) in base 12?
-1565472
a9b272 (base 15) to base 16
7b6611
-11881230 (base 9) to base 8
-26216520
What is -20030204 (base 6) in base 8?
-2115174
Convert 1715544 (base 8) to base 9.
838764
Convert 2472677 (base 9) to base 11.
840043
1113131011 (base 4) to base 9
605334
What is -110373 (base 13) in base 14?
-a5d1d
Convert -11d019 (base 15) to base 5.
-204311044
-10204550 (base 6) to base 9
-501723
What is 112302313 (base 4) in base 3?
11202002001
Convert -11010021102 (base 4) to base 3.
-2111110021000
Convert -5261742 (base 8) to base 6.
-50013534
What is 104b18 (base 14) in base 9?
1028717
Convert -10033033312 (base 4) to base 13.
-2cb91b
Convert 1690ea (base 16) to base 4.
11221003222
What is a630943 (base 11) in base 9?
38212520
42a1c (base 15) to base 9
352140
What is 11221220200212 (base 3) in base 13?
713993
Convert 2933176 (base 12) to base 15.
ad80dc
What is -21300244 (base 7) in base 15?
-25cce1
Convert -5aa34 (base 11) to